
22
Calculate 419 + -421 - (-18 - 15).
31
What is the value of -219 - -43 - -73 - -116?
13
What is ((7 + 2 - 18) + 11 + -1 - 10) + -19?
-28
Calculate -32 - -62 - ((-4 - (0 - (7 + 0))) + 7).
20
-4 - (0 - (3 + 1 + -8))
-8
What is 8 + -15 + 8 + -36 + 26?
-9
Evaluate (-6 - -26 - (-1 - -8 - -2)) + -42 + -3.
-34
What is the value of 8 + -1 - (-6 - (-6 + (38 - 25)))?
20
Evaluate -13 + -25 - (-46 - -25).
-17
What is the value of -3 + (11 - (5 + 12 + -4)) + (-2 - 3)?
-10
(98 + -81 - -44) + -53
8
What is 49 + (-49 - 0) + 102?
102
What is (39 - 26) + 19 + -46 - -5?
-9
What is 1 + -5 + 35 - (-7 - (10 - 5))?
43
Calculate (18415 - 18420) + ((0 - 2) + (46 - -1) - 0).
40
Calculate -56 - (103 - (115 - -146)).
102
What is the value of 144 + -189 + -58 + 67?
-36
What is the value of 32 + -31 + (13 - 0) - -20?
34
What is (28 - 64) + (-272 - -301)?
-7
Calculate -30 + 3 + 143 + -99.
17
Calculate 22 + (30 - 28) + 15.
39
140 + (1 + -6 - 5) + (287 - 277)
140
What is the value of (30 - -54 - 52) + 0 + 0 + 4?
36
1 - (48 + -66 + 40)
-21
Evaluate 24 - (65 + (13 - 20)).
-34
(7005 - 6910) + -50 + 1
46
Evaluate (6 - (5 - (7 + 9) - -11)) + 1.
7
Calculate 171 - (-29 - -59 - -73).
68
Calculate -32 - ((-4 - 3) + -7 + 16 + 9).
-43
(23 - (-20 - -23)) + -12 + (-17 - -4)
-5
Evaluate -9 - (81 + -72 - (5 - (2 - -3) - -34)).
16
Evaluate -29 + 29 + -8 + (-4 - -8) - -17 - -116.
129
Evaluate (39 - 76) + -12 + -24.
-73
What is the value of (2740 - 2764) + (-2 - -7)?
-19
What is (-60 - -21 - 23) + 41?
-21
Evaluate 95 + 4 + 262 + -238 - 34.
89
Evaluate -59 + (105 - -27) + -66.
7
Calculate -81 + (38 - 30) + -47.
-120
What is the value of (-3 - 17 - -15 - (39 - 0)) + (-7 - -4)?
-47
24 - 0 - (-5215 - -5290)
-51
-1947 - -1971 - (3 - 9)
30
What is 30 + 2 + 20 + (34 - 69)?
17
-25 - -14 - (-18 - -56 - 111)
62
Evaluate -14 + -65 + 25 + 36.
-18
-384 + 60 + 92 - -116
-116
What is -85 - (-103 - (-6 + -40))?
-28
What is the value of 8 + (3 - (-7 + 17)) - (-1 - 48)?
50
11 + (3 - (34 - 9) - (10 + -2))
-19
What is the value of (11 - 7 - -5) + (-89 - -100 - (-58 + 0))?
78
What is -3 + 7 + (-1 - 4 - (21 - 2 - 28))?
8
What is 1 + -9 + (-41 + 46 + 12 - (0 - 4))?
13
What is 0 + (9 - (-3 - 8))?
20
Calculate 107 + -1 + (-97 + 75 - (-9 + 1)).
92
What is the value of (2 - 47) + (-2649 - -2582)?
-112
What is -25 - 22 - (-26 - (-10 - -3))?
-28
(8 - (38 + 2)) + (-20 - (16 - (32 - 11)))
-47
Evaluate -57 + -1 + -7 - (22 + -19 + (-7 - -13)).
-74
Evaluate 40 + (0 - 1) + (-1 - (4 + -9)).
43
Calculate -67 - (-3 + -11 + (24 + -9 - (-4 - 5))).
-77
Calculate 3 + -35 + (-92 - -43) + 60.
-21
What is the value of -12 - (-24 - (-3 + -9 + -16 + 15))?
-1
Calculate -32 - (28 - (50 - 13)).
-23
What is 11 - (25 + (-5 - (-4 + 6)) - 11)?
4
What is 22 - (-28 + 48 - -26)?
-24
(-23 - (-3 - 5)) + (3 - 6) + 5 + -12
-25
1 + 1 + (-8 - (0 + -6)) - -48
48
What is -30 - ((32 - 38) + -14 + (2 - 3) + 7)?
-16
What is 43 - -1 - (-15 + (-7 - -9) + 4 + 1)?
52
What is the value of -30 - (44 - (-7 + -18)) - -21?
-78
Calculate -163 + (56 - 27 - (-7 + 27)).
-154
Evaluate -78 + 126 + -7 + -67.
-26
1 + 4 + 0 + -12 + 6 + -23 + 4
-20
What is the value of 66 - (-20 - -42) - 16 - 67?
-39
What is the value of (-2 - 3 - (-13 - (-16 - (6 - 25)))) + 32?
43
(-2 - (0 + ((-12 - -13) + -5 - 9))) + 5
16
(-53 - (-22 - -12)) + 10
-33
What is (12 - (49 - 28)) + (15 - -1) + (-17 - -22)?
12
Calculate -66 + 2 - (7 + -1 - (-226 - -213)).
-83
What is the value of -52 + 33 + -55 + 63 - (0 + 0 + 9)?
-20
Calculate -18 - -3 - (-33 - (-16 - 44)).
-42
-39 + 90 + (67 - 135)
-17
Calculate 0 - -19 - (18 + -21 - -21).
1
What is 50 + (3 - ((0 + 21 - (-129 + 136)) + -10))?
49
What is the value of 63 + -202 - (1 + -83)?
-57
Calculate (-30 - 0 - -28) + (-1 - -8 - 3) - -18.
20
Evaluate 14 - 73 - -1 - -26.
-32
Evaluate 0 - 82 - (7484 - 7523).
-43
Calculate -10 + -1 - (-26 + 1 + 12 + 3 + 2).
-3
-12 - ((40 - 22) + -22) - 22
-30
Calculate 464 - 484 - (-40 + 0).
20
(1 - 51 - (0 - 0)) + -188 + 188 - -9
-41
What is the value of -6 + (-5 - (10 - 5)) + (-14 - (3 - 25))?
-8
What is the value of (0 - (1 - -5) - 2) + -1028 + 1008?
-28
56 + 3 + -64 - (-1 - -1)
-5
Evaluate 57 + 8 + -14 - (-44 + 56 + (-2 - 1)).
42
Calculate 48 + (-11 - (13 + 3 + 8 + -20)).
33
4 - -1 - (-3 - (2 + -3 - 1 - -4))
10
What is the value of -5910 - -5953 - (11 + 1)?
31
2 - -2 - (36 - (3 - (11 - -2)))
-42
Evaluate -28 + (16 - 0 - -1) + 85 + -2.
72
-2 + -6 - (-172 + (-19 - -28) + 39)
116
Evaluate (15 - -2) + (37 - 60) - ((-2 - 0) + 0).
-4
-7119 - -7245 - (217 + -2)
-89
Evaluate (2 + -2 - 6 - -18) + (-92 - -25).
-55
42 + -37 - -50 - 15
40
-1 + 14 + 471 + -474 - (5 - -2)
3
What is the value of 5 + 0 + (0 - 1 - (-8 - 48))?
60
What is the value of -22 - (0 - 9 - (4 - 9) - (36 - 31))?
-13
What is the value of (-6 + 9 - (2 - -10)) + (-15 - -11)?
-13
What is the value of -10 - ((12 - (19 + 44)) + -8)?
49
Evaluate -186 + 249 - (13 + -2 - (-7 + 3)).
48
Evaluate 8 + (23 - (14 + 11 + -13 - 1) - -49).
69
Calculate 9 - (-8 + 35) - (-79 - -97).
-36
-97 - ((25 - 74) + -12)
-36
What is 29 + (11 - -28) + -79?
-11
What is the value of (-1 - -104) + 11745 + -11852?
-4
What is the value of -969 + 979 + (-96 - (5 + 1))?
-92
Evaluate -3 + 41 - (-2 - (-20 + -10)).
10
What is the value of -9 + (-3 - (-1 + 0)) - (235 - 503 - -227)?
30
What is the value of -61 + -9 + (4 + 25 - 13) + -6?
-60
Evaluate 91 - ((0 - -8) + -118 + 91) - (8 + -5).
107
What is the value of 6 + -32 + 25 - (-15 + 49)?
-35
(36 - (-5 + (9 - 16))) + (8 - (-6 - -20))
42
-20 - (-158 + 149) - (49 + (-2 - 0 - -4))
-62
Evaluate 0 + 7 + (-42 - -40) + 18.
23
What is (-18 - -14) + 0 - (-4 + 67 + -4 + 7)?
-70
Calculate (-12 - -1) + -2 - (-21 + 25 + -10).
-7
What is the value of (-5 - (1 + -8)) + (-1 - 3) + (45 - 11)?
32
Evaluate (1100 - 1148) + -2 + (-2 - -27).
-25
10 - ((0 - (-23 + 16)) + -4 + (2 - -2))
3
What is (115 + -139 - 108) + 95?
-37
Evaluate -13 - (-29 + -21 + 16) - (-4 - 2).
27
Calculate 10 + (73 - -101) + -103.
81
Calculate 0 + -5 + -1 + (-12 - -48) - -12.
42
What is the value of (15 - (4 - 2)) + 2 - (-5 + 67)?
-47
(-1 - 16) + -595 + 609 + 1 - (-9 - -1)
6
Evaluate -17 - (-107 - -53) - -7.
44
Evaluate 126 + (109 - (49 - -195)).
-9
What is 22 + -9 - 49 - 11 - -18?
-29
What is the value of -70 - -44 - (-56 + 42)?
-12
Evaluate (-39 - 23) + 37 + 3.
-22
What is -7 + (-5 - (13 - 8)) + (-8 - -9) + -5?
-21
Calculate 106 - (53 + -26) - (4 - 16) - -6.
97
Evaluate 37 + (-9 - -79) + -44.
63
Calculate (9 - 24) + (3 - (12 - 43)) - 108.
-89
Calculate (1 - (-7 - (-16 - -11))) + (12 - 6).
9
19 + (-15 - ((-14 - -27 - 13) + -4))
8
Evaluate -735 + 705 - (5 - -59 - 0).
-94
(-19 - 30) + 0 + 10
-39
What is the value of (-32 + -2 - (113 + -123)) + 142?
118
What is 0 + (8 - 6) + (0 + 5 - (-10 + 11))?
6
What is the value of -2867 + 2797 - (2 + -23)?
-49
-13 + -6 + (110 + 7 - 49)
49
What is the value of (-1 - -1) + -11 + -18 + 11 + (32 - 11)?
3
What is the value of -7 + -10 + 5 - -13 - 1 - (-4 + 18)?
-14
Evaluate -29 + 4 + 34 + (20 - (-2 + -2 + 1)).
32
Calculate -135 - (-14 - 5) - (3 + (6 - 27) - -4).
-102
What is -62 + (-53 - -69) + 22 - (1 + 117)?
-142
What is -7 + 10 + 5 + (-44 - -28) + -11?
-19
What is 1 + 40 + (11 - (46 + -23)) + -10 - 1?
18
What is the value of 162 + (-5 - (150 + -56))?
63
What is the value of -29 + (-5 - 0 - -25) + -15?
-24
-67 - (-67 - 1) - (-2 - 60)
63
What is the value of (3 - 10) + -41 + 57 - (5 - (38 - -4))?
46
What is -38 - (1 + -8 - (3 - 14 - -7))?
-35
What is -10 + (-16 + 14 + -8 - -18) - (2 + -41)?
37
What is -42 + (4 - ((12 - 2) + (-14 - 0)))?
-34
-4 + 4 + -6 - (-468 - -480)
-18
(64 - 65 - (-1 - (9 + -1))) + 1742 + -1761
-11
What is 1 + (0 - (1 + -1)) + 58 + 3480 + -3490?
49
Evaluate (2 - 74) + (4 + -3 + (4 - 4) - -1).
-70
Evaluate 35 - (-5 - (-8 + 5) - (8 + -3 + -3)).
39
What is the value of 375 + -450 - (0 - 76)?
1
Evaluate 33 + -95 - -65 - (3 - 1 - (9 - -97)).
107
What is the value of (34 - 42) + 68 - (2 + 1 + -2 + -4)?
63
(278 - 355) + -57 + 19
-115
Evaluate 12 + (-15 + 24 - 47) + -7 - (0 - 12).
-21
What is the value of (-67 - 7 - -64) + 27?
17
What is -11 + 9 + (-42 - -25)?
-19
What is -22 - ((18 - (26 + -37)) + -31)?
-20
What is the value of 14 - ((-7 - -8) + 15 + -38)?
36
Evaluate 31 + (-7 - 0 - (-1 - (11 + -7 - 6))).
23
95 + (-2 + -4 + 17 + (-9 - -2) - -1)
100
(58 - 69) 